= -7936*g + 1793542. Give l(226).
6
Let p(l) = 3198805*l + 31988048. What is p(-10)?
-2
Let l(q) = 11*q**3 - 233*q**2 - 957*q + 4. Determine l(-4).
-600
Let r(p) = 16377*p + 671396. Calculate r(-41).
-61
Let i(q) = -21*q**2 + 55*q - 710. Give i(17).
-5844
Let i(g) = g**3 - 18*g**2 - 94*g + 149. Give i(21).
-502
Let q(k) = -102*k**2 + 96*k + 179. Calculate q(-2).
-421
Let q(b) = -107*b**2 + 5672*b - 39. What is q(53)?
14
Let i(q) = 5*q**3 + 36*q**2 - 7*q + 7. Determine i(0).
7
Let u(v) = v**3 - 21*v**2 - 396*v + 39. Calculate u(-12).
39
Let c(u) = 125045*u + 1125405. Determine c(-9).
0
Let w(z) = 240*z + 26432. Calculate w(-110).
32
Let p(o) = 501*o + 170333. Give p(-340).
-7
Let z(q) = 8*q**3 + 2*q**2 - 140*q + 2. What is z(0)?
2
Let a(s) = -7*s**2 - 910*s - 2803. Give a(-126).
725
Let r(q) = 24*q**3 - 274*q + 275. Calculate r(1).
25
Let v(a) = 23*a**2 + 2254*a - 2254. Give v(1).
23
Let v(i) = -22*i**3 + 86*i**2 + 18608*i - 74405. Calculate v(4).
-5
Let n(l) = -6*l**2 - 238*l + 3778. Determine n(17).
-2002
Let j(o) = 248*o**3 - 87051*o**2 + 1051*o + 689. Determine j(351).
-13
Let m(y) = 2*y**3 + 330*y**2 - 339*y - 852. What is m(-166)?
310
Let u(p) = 87*p + 1691. Determine u(-13).
560
Let l(b) = -28*b**2 + 3019*b + 624. Give l(108).
84
Let q(a) = 4*a**2 + 759*a - 5861. Give q(8).
467
Let t(k) = 7*k**2 + 3064*k - 123971. Calculate t(-475).
4
Let v(u) = -u**2 + 687*u - 19709. Calculate v(30).
1
Let p(o) = -6060*o - 24. Give p(0).
-24
Let z(a) = a**2 - 125*a + 3544. Determine z(34).
450
Let s(j) = -6*j**3 + 175*j**2 - 367*j + 29143. What is s(32)?
-9
Let p(f) = -6*f**2 + 84*f + 74. What is p(21)?
-808
Let p(o) = -47*o - 8004. What is p(-148)?
-1048
Let s(v) = -v**2 + 44030*v + 616621. Determine s(-14).
5
Let x(o) = 1347*o - 11775. What is x(8)?
-999
Let m(o) = o**2 + 273*o + 4610. Determine m(-17).
258
Let d(p) = p**3 - 8*p**2 - 10*p - 16. Give d(20).
4584
Let i(t) = 2*t**3 - 364*t**2 + 692*t + 5030. Calculate i(180).
-10
Let m(o) = o**2 - 1100*o - 5. What is m(0)?
-5
Let t(q) = -q**2 - 58*q - 370. What is t(-22)?
422
Let y(a) = 23760*a - 57475445. What is y(2419)?
-5
Let a(y) = -4*y**3 + 914*y**2 - 1362*y + 331. Determine a(227).
331
Let x(c) = -3*c**3 + 39*c**2 - 27*c + 6. Calculate x(12).
114
Let b(z) = 14*z**2 - 509*z + 3. Determine b(2).
-959
Let g(z) = -3714263*z + 14857056. Give g(4).
4
Let o(s) = -2*s**3 + 107*s**2 - 23*s - 155. What is o(9)?
6847
Let y(s) = 38*s**2 + 20829*s - 18110. Give y(-549).
7
Let k(a) = -31*a**2 - 168*a + 5. Determine k(-7).
-338
Let z(l) = 133850*l + 22085248. What is z(-165)?
-2
Let o(u) = 15340*u - 537011. Calculate o(35).
-111
Let x(q) = -q**3 - 50*q**2 - 599*q - 900. Give x(-32).
-164
Let g(r) = -r**3 + 39*r**2 - 40*r - 28. What is g(38)?
-104
Let l(s) = -3613*s + 25361. What is l(7)?
70
Let k(x) = 6*x**3 - 6*x**2 - 6*x + 6. What is k(6)?
1050
Let l(z) = 8*z**3 + 16*z**2 + 75*z - 491. Give l(6).
2263
Let a(v) = 3978*v - 99443. Calculate a(25).
7
Let z(v) = -v**3 + 11*v**2 + 528*v - 6678. Calculate z(21).
0
Let n(m) = -7*m**2 - 102*m - 446. What is n(-15)?
-491
Let x(j) = 7992*j + 47965. Calculate x(-6).
13
Let f(n) = -2*n**3 + 403*n**2 + 586*n + 4057. What is f(203)?
-612
Let x(k) = k**3 - 29*k**2 + 424*k + 18301. Calculate x(-16).
-3
Let c(v) = -3*v**3 + 2409*v**2 + 4867*v + 80. What is c(-2)?
6
Let v(d) = -119*d**2 + 64*d + 53. Determine v(-1).
-130
Let k(y) = -y**3 - 37*y**2 - 188*y + 389. Determine k(-31).
451
Let c(n) = 3*n**3 - 140*n**2 - 46*n + 5474. What is c(46)?
-874
Let l(j) = 2873*j**2 - 123540*j + 35. Calculate l(43).
-8
Let g(y) = 3*y**3 + 101*y**2 + 803*y + 11. Calculate g(-25).
-3814
Let g(f) = -2*f**3 - 64*f**2 + 547*f + 17495. Determine g(-32).
-9
Let y(q) = -4*q**3 + 180*q**2 + 403*q + 52. Calculate y(-2).
-2
Let m(w) = 344618*w + 1378465. What is m(-4)?
-7
Let d(v) = 1842*v - 51644. What is d(28)?
-68
Let w(f) = -f**3 + 55*f**2 - 203*f - 356. Give w(51).
-305
Let x(b) = -25*b**2 + 14850*b + 2. Determine x(594).
2
Let v(b) = -137*b + 3061. Determine v(24).
-227
Let i(f) = -f**3 - 17*f**2 + 161*f + 852. Give i(-25).
1827
Let y(n) = n**2 + 383386*n - 2300345. Calculate y(6).
7
Let t(c) = -2*c**3 - 2*c**2 + 17495*c + 34981. Calculate t(-2).
-1
Let o(l) = -l**3 + 72*l**2 - 56*l + 4071. Calculate o(72).
39
Let c(a) = 968*a + 286527. Give c(-296).
-1
Let l(m) = -m**3 - 259*m**2 - 1263*m + 371. Determine l(-254).
-1407
Let f(a) = 4*a**3 + 1355*a**2 - 156*a + 61954. Determine f(-339).
-83
Let h(g) = -10*g**3 - 7*g**2 - 9*g - 7. Give h(-1).
5
Let k(m) = m**3 - 27*m**2 + 14*m - 960. Determine k(28).
216
Let u(h) = -5335*h + 565570. Calculate u(106).
60
Let t(j) = -j**3 + 161*j**2 - 1448*j + 80305. What is t(155)?
15
Let p(r) = 28*r**2 + 313*r - 1772. What is p(7)?
1791
Let h(w) = -w**3 - 29*w**2 + 653*w - 2804. Give h(9).
-5
Let s(u) = -13*u + 3674. Determine s(202).
1048
Let u(w) = 8416*w + 706947. Calculate u(-84).
3
Let b(z) = 190*z**3 + 675*z**2 - 1377*z - 12. What is b(-5)?
-2
Let v(a) = 1683*a - 354445. Give v(211).
668
Let f(s) = -s**3 + 13*s**2 + 519*s - 7538. What is f(16)?
-2
Let k(y) = 1925*y - 58198. What is k(29)?
-2373
Let m(d) = -44283*d + 265192. Calculate m(6).
-506
Let a(k) = -k**2 - 672*k + 192912. Calculate a(-889).
-1
Let j(x) = 627*x + 292183. Determine j(-466).
1
Let p(o) = 24*o**2 + 333*o - 1312. Calculate p(4).
404
Let v(y) = y**3 + 35*y**2 + 18*y + 455. What is v(-33)?
2039
Let y(b) = -28*b**2 - 340*b + 1685. Determine y(5).
-715
Let j(z) = -10*z**2 + 946*z - 1483. What is j(93)?
5
Let h(o) = -2*o**3 - 6*o**2 + 4798*o + 28791. Determine h(-6).
219
Let l(i) = -7430*i - 847013. Calculate l(-114).
7
Let a(l) = -26637*l - 106527. Determine a(-4).
21
Let k(q) = -q**3 + 54*q**2 - 464*q - 87. Determine k(14).
1257
Let j(x) = -x**3 + 40*x**2 + 73*x + 18040. Give j(49).
8
Let f(m) = 996*m**2 - 2984*m - 11. Determine f(3).
1
Let a(n) = 60*n**2 + 868*n - 1467. Calculate a(-16).
5
Let i(b) = -740*b**2 + 7371*b + 314. Give i(10).
24
Let a(t) = -t**3 + 23*t**2 - 41*t + 252. What is a(13)?
1409
Let b(o) = 24*o**2 - 4314*o + 16842. What is b(4)?
-30
Let f(g) = 19150*g + 383128. Calculate f(-20).
128
Let z(f) = 12*f**2 + 358784*f + 717562. Determine z(-2).
42
Let i(z) = z**3 - 57*z**2 + 697*z - 2582. Calculate i(10).
-312
Let o(z) = 3*z**3 + 27*z**2 + 207*z + 313. Determine o(-2).
-17
Let p(s) = 3*s**2 - 51*s - 2120. Calculate p(-21).
274
Let k(r) = -25055*r + 5286623. Calculate k(211).
18
Let o(k) = -30*k**3 - k**2 - 49*k - 24. Calculate o(0).
-24
Let b(q) = q**3 + 18*q**2 + 29*q - 85. Determine b(-13).
383
Let m(v) = -v**3 + 42*v**2 + 3*v - 23. What is m(43)?
-1743
Let n(w) = -1170*w + 159731. Calculate n(136).
611
Let x(c) = -19835*c + 456149. What is x(23)?
-56
Let q(a) = -23*a**3 + 7*a**2 + 70581*a - 70587. What is q(1)?
-22
Let a(i) = 47*i**3 + 3069*i**2 - 12002*i + 278. What is a(-69)?
2
Let r(z) = 456*z + 2478. Give r(-4).
654
Let r(h) = 2*h**2 + 5793*h - 140176. Give r(24).
8
Let x(r) = r**2 + 883*r + 94744. Determine x(-758).
-6
Let d(g) = -251*g - 14776. What is d(-59)?
33
Let c(z) = -120*z - 7111. Determine c(-65).
689
Let j(q) = -3*q**2 + 782*q - 47194. Determine j(95).
21
Let l(x) = 12*x**3 + 301*x**2 + 161*x + 3141. Give l(-25).
-259
Let y(h) = -4*h**3 + 15319*h**2 - 107162*h - 17. Give y(7).
-892
Let j(r) = -r**3 + 11*r**2 + 681*r - 10131. What is j(20)?
-111
Let d(o) = 2*o**3 - 51*o**2 + 322*o - 34. Calculate d(14).
-34
Let v(p) = -p**2 - 521*p - 61856. Give v(-183).
-2
Let a(l) = 2*l**3 + 32*l**2 - 97*l - 1074. Give a(-17).
-3
Let s(c) = -1213*c**2 - 7290*c + 40. Give s(-6).
112
Let b(f) = 248*f**2 + 1251*f - 72. Give b(-5).
-127
Let r(h) = 6*h**3 - 200*h**2 - 170*h + 1154. Calculate r(34).
-2
Let i(v) = v**3 + 154*v**2 - 314*v + 378. Determine i(-156).
690
Let y(v) = -31683*v + 190665. Determine y(6).
567
Let b(s) = -730*s + 8112. What is b(11)?
82
Let x(y) = -13*y**3 + 21*y**2 + 78*y - 5. Give x(-5).
1755
Let t(m) = 5490*m - 296439. Determine t(54).
21
Let c(x) = 1730*x - 124531. Give c(72).
29
Let t(r) = r**3 + 106*r**2 - 3867*r + 140. Determine t(29).
1532
Let l(b) = 4750*b + 1952248. Determine l(-411).
-2
Let v(o) = o**3 + 166*o**2 - 1190*o + 3613. What is v(-173)?
-20
Let p(z) = 3*z**2 + 4036*z + 114541. Determine p(-29).
20
Let g(d) = 122*d + 9877. Calculate g(-